of x and 33.
3
Let f(p) = p**2 - 3*p + 4*p - 3*p - 1. Let z be f(3). Suppose -18 = -z*g + 162. Calculate the greatest common divisor of g and 10.
10
Let s(h) = -2*h + 10. Suppose 0 = 3*i + 15 + 6. Let b be s(i). Calculate the greatest common divisor of 120 and b.
24
Suppose -18 = 4*c - 2, 2*c - 16 = -3*f. Suppose -2*p = -f - 0. Calculate the greatest common divisor of 28 and p.
4
Suppose -4*x + 35 = 5*g, -2*x - 3*g = -3*x + 13. Let a be (1*5)/(-2*(-1)/2). Calculate the highest common factor of a and x.
5
Let j be (-5)/15 - 46/6. Let c be (-2 - (-110)/j)*-4. Suppose -4*d + a + c + 5 = 0, 3*d - 51 = 4*a. What is the highest common factor of 34 and d?
17
Suppose 0*n + 2*n = 10. Let z be 3/15 + 14/n. Let g be (38/8)/(z/12). What is the highest common divisor of 19 and g?
19
Suppose -87 = 2*m - 439. Let u = -86 + m. Suppose -2*d - u = -5*d. Calculate the greatest common factor of d and 75.
15
Let y be (8/6)/(1/(-3)). Let g = -4 + y. Let x = -4 - g. Calculate the greatest common divisor of x and 4.
4
Let p = 196 - 178. Calculate the highest common divisor of p and 90.
18
Suppose 5*g + 45 = 5*t, -4*t + 5*g + 16 + 21 = 0. Let q = 2 + 0. Let w be ((-4)/(-10))/(q/40). What is the highest common factor of w and t?
8
Suppose f - 2*f = -20. Suppose -6*y + 20 = -4. What is the highest common factor of y and f?
4
Suppose 5*l = -4*t + 70, 2*t - 50 + 4 = 3*l. Suppose -2*m - t + 6 = 0. Let o be 10/35 - 82/m. What is the greatest common divisor of 12 and o?
12
Suppose -2*d + 10 + 30 = 0. Let g(c) = c**2 - 5*c - 6. Let x be (2 - 12 - -1)/(-1). Let a be g(x). What is the greatest common divisor of a and d?
10
Let y = -7 - -8. Let z be (-2)/(-4) + y/2. Suppose 9 - z = 4*b. What is the greatest common divisor of 14 and b?
2
Let v(r) = r**3 - 5*r**2 + r + 7. Let m be v(5). Suppose 0 = -3*f - m, -f - 272 = -3*k + 4*f. What is the greatest common factor of k and 12?
12
Let d(l) = -l + 14. Let o be d(11). Calculate the greatest common divisor of 27 and o.
3
Suppose 0 = -2*t, u - 6 = -t + 20. Calculate the greatest common divisor of 78 and u.
26
Suppose -10 = 5*l + 3*z, 0 = 4*l + 5*z - 11 + 32. What is the highest common factor of l and 11?
1
Let u = -15 - -31. What is the greatest common divisor of 2 and u?
2
Suppose 0 = -5*r + 22 + 63. Calculate the highest common factor of r and 119.
17
Let o be (0 + 2)/(17 - 15) + 17. Suppose -2*j + 252 = -0*j. Suppose -3*i + 4*i - 4*l = 126, i - l - j = 0. What is the greatest common factor of o and i?
18
Suppose 344 = 2*d + 11*o - 7*o, -3*d + 515 = 5*o. What is the highest common divisor of 34 and d?
34
Let v = -152 + 168. Calculate the highest common factor of 2 and v.
2
Let n(z) = 3*z - 2*z**2 - z**3 + 3 + 3*z**2 + 5*z**2 - 3*z**2. Let k be n(3). What is the greatest common factor of k and 36?
12
Let r(z) = 3*z**2 - z - 2. Let b be r(2). Suppose -2*c = -30 - 32. Let o = 71 - c. Calculate the greatest common divisor of o and b.
8
Let y be 2/7 + 12/(-56)*-36. Calculate the highest common factor of y and 40.
8
Let k(v) = 7*v + 2 + 8 - 1 - v**2. Let a be k(8). Let x be 1/(a + 16/(-18)). What is the highest common divisor of x and 18?
9
Let r be (47 + 30)/(2/4). What is the highest common divisor of 14 and r?
14
Suppose 3*o + 4*h - 7 = -2*o, o = 2*h + 7. Let z = 13 + -22. Let q be z/(-6) - (-21)/2. What is the highest common divisor of o and q?
3
Suppose 3*z + j = 17, -2*z + 2*j - 26 = -6*z. What is the highest common factor of 6 and z?
2
Let x = 282 - 186. Calculate the greatest common factor of x and 24.
24
Let z = 117 + -63. Suppose -3*w + 6*w - z = 0. Let m = -11 + w. What is the highest common divisor of 35 and m?
7
Let x(t) = t**3 + 4*t**2 - t - 3. Let b(n) = -n**3 + 4*n**2 - 4*n. Let o be b(3). Let m be x(o). Calculate the greatest common divisor of m and 18.
9
Suppose 3*v = 0, n + 2*v - 625 = -4*n. What is the highest common divisor of 50 and n?
25
Let q(p) = 4*p**2 + 4*p + 1. Let u be q(-4). Let v be 1/(-2) - (-22)/4. Suppose 4 = v*x - 31. What is the greatest common factor of x and u?
7
Let r = 0 + 0. Let d(m) = m + 65. Let f be d(r). Suppose f = 5*y + 3*s - s, 0 = 4*s. What is the highest common factor of y and 13?
13
Let b be 4/22 - -4*247/11. Calculate the highest common factor of b and 36.
18
Let b = -20 + 23. What is the highest common factor of b and 5?
1
Suppose z + 2 = 2*n, -z + 5*n = 3*z - 1. Suppose -20 = -2*x + 20. Calculate the greatest common divisor of x and z.
4
Suppose 3*d - 4*d = -3*p - 68, -8 = -4*p. Let x be d/(-8) + (-2)/(-8). Let l = x + 53. Calculate the highest common factor of l and 4.
4
Suppose -2*k - 268 = -4*k. Suppose -5*o + 385 = -5*m, o = -o - 2*m + k. What is the highest common divisor of 9 and o?
9
Let p be 24 - (-4 + (5 - 1)). What is the greatest common divisor of 32 and p?
8
Let o(t) = 6*t + 3*t**2 + 0*t + t - 4*t**2. Let p be o(5). Calculate the greatest common factor of p and 2.
2
Suppose -3*m = -6*m. Suppose m*r - 156 = -3*r. What is the highest common factor of 13 and r?
13
Suppose -2*k = 5*a - 23, -3*a - k - 1 = -15. Suppose -2*f - 35 = -3*b, -b + f = -a*b + 54. Calculate the highest common divisor of 104 and b.
13
Suppose 6*p + 16 = 2*p, -3*x + 3*p = -66. What is the greatest common divisor of x and 1?
1
Let s = -66 - -105. Calculate the greatest common factor of s and 78.
39
Suppose -2*q + 3*q - 2 = 0. Suppose -x = q*x - 9. Suppose -x*f + 1 = 2*p, -2*f + f = -3*p - 15. Calculate the highest common factor of f and 3.
3
Let n be 3 - 2 - (4 + -22). Let g = 28 - n. Calculate the highest common divisor of 3 and g.
3
Let v be 1 - -3 - -5 - 9/(-3). Let m(c) = -c**3 - 4*c**2 - 3*c - 6. Let j be m(-6). What is the highest common divisor of j and v?
12
Let f(p) = -4*p - 12. Let h be f(-6). Let j = -48 - -23. Let t be 2/(-4)*(j + 1). What is the highest common divisor of h and t?
12
Let q = 90 - 59. Calculate the greatest common divisor of 248 and q.
31
Let v(l) = l**3 - 2*l**2 - l - 4. Let h be v(4). What is the greatest common factor of 24 and h?
24
Suppose -4 = 5*l + 1. Let w = l + 14. What is the greatest common factor of 65 and w?
13
Let l = 7 - 4. Suppose -l*q + 658 = -35. Suppose 0 = 5*s - 78 - 27. What is the highest common divisor of s and q?
21
Let k be (6 + 10)*(1 + 0). Let o(w) = -w**2 + 7*w - 5. Let g be o(4). Suppose 4*n - g = 249. Calculate the greatest common divisor of n and k.
16
Let a = -27 + 97. Let j be (16/(-12))/(2/(-3)). Suppose j*n - 40 = -4*k, -156 = -5*n + 2*k + 2*k. Calculate the highest common factor of a and n.
14
Let b(d) = -d + 4. Let o be b(6). Let n(w) = -85*w**2 + w - 1 + 87*w**2 + 3. Let y be n(o). What is the highest common divisor of y and 24?
8
Let c = 17 - -15. Let o(z) = 6*z**3 + 2*z**2 - 2. Let v be o(2). Let m = v - c. Calculate the highest common divisor of 22 and m.
22
Let z = -9 - -19. Calculate the greatest common divisor of z and 110.
10
Let d = 129 + -272. Let x = -78 - d. Suppose 2*f + 4*l = -f + 27, -f = -5*l - 28. Calculate the greatest common factor of f and x.
13
Suppose -2*j = 2*g - j - 243, 5*g = -3*j + 609. What is the highest common factor of g and 15?
15
Let w(l) = 5*l**2 - 2*l + 1. Let k be w(1). Let m be (-1278)/(-14) + k/(-14). Suppose 3*x - 89 = m. What is the greatest common divisor of x and 24?
12
Suppose -180 = -4*r + r. Suppose 2*p = -2*p + r. Suppose -16 = 4*q, 0 = 4*h + h + 5*q + p. Calculate the greatest common factor of h and 8.
1
Let a(q) = 6*q**2 - 3*q - 2. Suppose -4*w + 8 = 0, h + 4*w - 6 = -0*h. Let n be a(h). Calculate the greatest common divisor of n and 7.
7
Let j(m) = -m**3 + 12*m**2 - 19*m + 6. Let l be j(10). What is the greatest common factor of 16 and l?
16
Suppose -52 = -4*r - 4. Let g be -1 + (-2 - -7*1). Suppose 0 = -3*d + k + 239 + 52, 204 = 2*d - g*k. Calculate the highest common divisor of r and d.
12
Let p be 21 + 1 + (-1 - -3). Suppose 0 = -0*s + s - 21. Let n = -13 + s. Calculate the highest common factor of p and n.
8
Let l(d) be the second derivative of 7*d**3/6 + 4*d**2 - 2*d. Let k be l(6). What is the greatest common divisor of 10 and k?
10
Let p(x) = x**2 + x. Let c = 8 + -12. Let q be p(c). What is the highest common divisor of q and 18?
6
Suppose -2*f + 6*f + 24 = 0. Let r be 2/8 + f/(-8). What is the greatest common factor of r and 1?
1
Let s be 1*(1 + -2)*-2. Let t = s + -1. What is the h